ivided by 13?
10
What is the remainder when 1053 is divided by 23?
18
Calculate the remainder when 1581 is divided by 23.
17
Calculate the remainder when 461 is divided by 461.
0
Calculate the remainder when 235 is divided by 136.
99
What is the remainder when 50 is divided by 17?
16
Calculate the remainder when 176 is divided by 20.
16
Calculate the remainder when 121 is divided by 21.
16
Calculate the remainder when 343 is divided by 137.
69
Calculate the remainder when 205 is divided by 19.
15
Calculate the remainder when 12511 is divided by 17.
16
Calculate the remainder when 342 is divided by 176.
166
What is the remainder when 602 is divided by 125?
102
Calculate the remainder when 2181 is divided by 725.
6
What is the remainder when 742 is divided by 4?
2
Calculate the remainder when 1751 is divided by 24.
23
Calculate the remainder when 3448 is divided by 36.
28
Calculate the remainder when 86 is divided by 11.
9
Calculate the remainder when 307 is divided by 40.
27
Calculate the remainder when 90 is divided by 33.
24
Calculate the remainder when 73 is divided by 22.
7
Calculate the remainder when 178 is divided by 5.
3
Calculate the remainder when 421 is divided by 130.
31
Calculate the remainder when 138 is divided by 23.
0
Calculate the remainder when 185 is divided by 51.
32
What is the remainder when 5914 is divided by 58?
56
Calculate the remainder when 72 is divided by 7.
2
Calculate the remainder when 1159 is divided by 18.
7
What is the remainder when 15299 is divided by 300?
299
Calculate the remainder when 81 is divided by 36.
9
Calculate the remainder when 49 is divided by 12.
1
What is the remainder when 347 is divided by 85?
7
Calculate the remainder when 274 is divided by 90.
4
What is the remainder when 888 is divided by 89?
87
What is the remainder when 66 is divided by 38?
28
Calculate the remainder when 1093 is divided by 1068.
25
What is the remainder when 1702 is divided by 142?
140
Calculate the remainder when 684 is divided by 138.
132
Calculate the remainder when 259 is divided by 56.
35
What is the remainder when 3465 is divided by 859?
29
What is the remainder when 619 is divided by 54?
25
What is the remainder when 15506 is divided by 10?
6
What is the remainder when 1972 is divided by 94?
92
Calculate the remainder when 231 is divided by 29.
28
Calculate the remainder when 660 is divided by 13.
10
Calculate the remainder when 218 is divided by 39.
23
What is the remainder when 4930 is divided by 51?
34
What is the remainder when 767 is divided by 22?
19
What is the remainder when 47 is divided by 30?
17
What is the remainder when 3325 is divided by 98?
91
What is the remainder when 4009 is divided by 572?
5
What is the remainder when 117 is divided by 30?
27
Calculate the remainder when 158 is divided by 40.
38
What is the remainder when 200 is divided by 185?
15
Calculate the remainder when 69 is divided by 19.
12
What is the remainder when 412 is divided by 389?
23
Calculate the remainder when 35 is divided by 11.
2
Calculate the remainder when 3399 is divided by 100.
99
What is the remainder when 70 is divided by 11?
4
What is the remainder when 312 is divided by 81?
69
Calculate the remainder when 136 is divided by 12.
4
What is the remainder when 1760 is divided by 489?
293
Calculate the remainder when 248 is divided by 129.
119
Calculate the remainder when 365 is divided by 365.
0
Calculate the remainder when 286 is divided by 23.
10
Calculate the remainder when 102 is divided by 7.
4
Calculate the remainder when 157 is divided by 33.
25
What is the remainder when 1184 is divided by 27?
23
What is the remainder when 13669 is divided by 3?
1
Calculate the remainder when 4948 is divided by 150.
148
Calculate the remainder when 32 is divided by 22.
10
Calculate the remainder when 832 is divided by 414.
4
Calculate the remainder when 4391 is divided by 72.
71
What is the remainder when 6838 is divided by 38?
36
Calculate the remainder when 302 is divided by 38.
36
What is the remainder when 323 is divided by 39?
11
Calculate the remainder when 178 is divided by 8.
2
Calculate the remainder when 31 is divided by 5.
1
What is the remainder when 86 is divided by 17?
1
What is the remainder when 80 is divided by 28?
24
What is the remainder when 18479 is divided by 105?
104
What is the remainder when 583 is divided by 45?
43
Calculate the remainder when 798 is divided by 16.
14
Calculate the remainder when 1548 is divided by 50.
48
Calculate the remainder when 4554 is divided by 40.
34
Calculate the remainder when 1398 is divided by 156.
150
Calculate the remainder when 745 is divided by 18.
7
What is the remainder when 25560 is divided by 154?
150
Calculate the remainder when 35489 is divided by 91.
90
What is the remainder when 404 is divided by 15?
14
Calculate the remainder when 6991 is divided by 23.
22
Calculate the remainder when 20 is divided by 14.
6
Calculate the remainder when 1346 is divided by 22.
4
Calculate the remainder when 204 is divided by 61.
21
What is the remainder when 428 is divided by 10?
8
What is the remainder when 1960 is divided by 974?
12
Calculate the remainder when 65 is divided by 15.
5
What is the remainder when 104 is divided by 54?
50
What is the remainder when 214 is divided by 72?
70
Calculate the remainder when 751 is divided by 188.
187
What is the remainder when 109 is divided by 10?
9
What is the remainder when 221 is divided by 77?
67
Calculate the remainder when 499 is divided by 218.
63
What is the remainder when 416 is divided by 30?
26
What is the remainder when 1410 is divided by 52?
6
What is the remainder when 37 is divided by 11?
4
What is the remainder when 66 is divided by 24?
18
What is the remainder when 530 is divided by 19?
17
Calculate the remainder when 13241 is divided by 105.
11
What is the remainder when 689 is divided by 30?
29
What is the remainder when 126 is divided by 46?
34
What is the remainder when 3164 is divided by 24?
20
What is the remainder when 12472 is divided by 21?
19
What is the remainder when 117 is divided by 41?
35
Calculate the remainder when 72 is divided by 5.
2
What is the remainder when 101 is divided by 17?
16
What is the remainder when 4851 is divided by 1211?
7
Calculate the remainder when 94 is divided by 29.
7
What is the remainder when 182 is divided by 86?
10
What is the remainder when 6857 is divided by 140?
137
What is the remainder when 514 is divided by 149?
67
Calculate the remainder when 47 is divided by 26.
21
Calculate the remainder when 7501 is divided by 242.
241
What is the remainder when 835 is divided by 56?
51
Calculate the remainder when 143 is divided by 19.
10
What is the remainder when 629 is divided by 42?
41
What is the remainder when 550 is divided by 132?
22
What is the remainder when 31231 is divided by 97?
94
What is the remainder when 769 is divided by 22?
21
Calculate the remainder when 98 is divided by 6.
2
Calculate the remainder when 372 is divided by 77.
64
What is the remainder when 97 is divided by 9?
7
What is the remainder when 548 is divided by 11?
9
What is the remainder when 110 is divided by 87?
23
What is the remainder when 1568 is divided by 450?
218
Calculate the remainder when 971 is divided by 36.
35
Calculate the remainder when 59 is divided by 30.
29
What is the remainder when 90 is divided by 24?
18
What is the remainder when 322 is divided by 27?
25
Calculate the remainder when 969 is divided by 106.
15
Calculate the remainder when 40 is divided by 14.
12
Calculate the remainder when 1493 is divided by 737.
19
Calculate the remainder when 11 is divided by 8.
3
Calculate the remainder when 479 is divided by 15.
14
What is the remainder when 78 is divided by 30?
18
Calculate the remainder when 538 is divided by 109.
102
Calculate the remainder when 1482 is divided by 15.
12
Calculate the remainder when 1717 is divided by 1705.
12
What is the remainder when 76 is divided by 7?
6
Calculate the remainder when 9197 is divided by 126.
125
What is the remainder when 470 is divided by 220?
30
Calculate the remainder when 30 is divided by 9.
3
Calculate the remainder when 21383 is divided by 132.
131
Calculate the remainder when 300 is divided by 96.
12
Calculate the remainde